{"id":292,"date":"2025-09-20T13:24:33","date_gmt":"2025-09-20T11:24:33","guid":{"rendered":"https:\/\/drkrupp.se\/hifi\/?page_id=292"},"modified":"2025-09-21T15:19:42","modified_gmt":"2025-09-21T13:19:42","slug":"den-fardiga-ladan","status":"publish","type":"page","link":"https:\/\/drkrupp.se\/hifi\/den-fardiga-ladan\/","title":{"rendered":"Den f\u00e4rdiga l\u00e5dan"},"content":{"rendered":"\n<div class=\"wp-block-group is-style-default is-nowrap is-layout-flex wp-container-core-group-is-layout-3a88641f wp-block-group-is-layout-flex\">\n<figure class=\"wp-block-image size-full is-resized\"><img loading=\"lazy\" decoding=\"async\" width=\"87\" height=\"285\" src=\"https:\/\/drkrupp.se\/hifi\/wp-content\/uploads\/2025\/08\/klarbox_bild.jpg\" alt=\"\" class=\"wp-image-36\" style=\"width:94px;height:auto\"\/><\/figure>\n\n\n\n<p class=\"wp-block-paragraph\">Dags att bed\u00f6ma l\u00e5dan?<\/p>\n<\/div>\n\n\n\n<div class=\"wp-block-group is-style-section-1 has-medium-font-size has-global-padding is-layout-constrained wp-block-group-is-layout-constrained is-style-section-1--1\">\n<ul class=\"wp-block-list is-style-default\">\n<li><strong><a href=\"https:\/\/drkrupp.se\/hifi\/den-fardiga-ladan\/det-later-inte-bra\/\" data-type=\"page\" data-id=\"302\">Det l\u00e5ter inte bra?<\/a><\/strong><br>Ibland kanske det inte blir som man t\u00e4nkt sig. Vad har man d\u00e5 gjort f\u00f6r fel?<\/li>\n\n\n\n<li><strong><a href=\"https:\/\/drkrupp.se\/hifi\/den-fardiga-ladan\/fasgang\/\" data-type=\"page\" data-id=\"305\">Fasg\u00e5ng<\/a><\/strong><br>Med fasg\u00e5ng menas h\u00f6gtalarens f\u00f6rm\u00e5ga att skicka ut alla toner i lyssningsrummet samtidigt. En bra fasg\u00e5ng ger ett mer tredimensionellt ljud.<\/li>\n\n\n\n<li><strong><a href=\"https:\/\/drkrupp.se\/hifi\/den-fardiga-ladan\/off-axis\/\" data-type=\"page\" data-id=\"307\">Off axis<\/a><\/strong><br>Beskriver hur bred str\u00e5lningsverkan elementet har.<\/li>\n\n\n\n<li><strong><a href=\"https:\/\/drkrupp.se\/hifi\/den-fardiga-ladan\/spridning\/\" data-type=\"page\" data-id=\"309\">Spridning<\/a><\/strong><br>En h\u00f6gtalare som str\u00e5lar ut sitt ljud \u00e5t alla h\u00e5ll ger en stor och pampig ljudbild p\u00e5 grund av alla v\u00e4ggreflexer, men det \u00e4r sv\u00e5rt att lokalisera de enskilda instrumenten.<\/li>\n\n\n\n<li><strong><a href=\"https:\/\/drkrupp.se\/hifi\/den-fardiga-ladan\/fordrojning\/\" data-type=\"page\" data-id=\"311\">F\u00f6rdr\u00f6jning<\/a><\/strong><br>H\u00f6gre frekvenser tenderar att bara komma fr\u00e5n omr\u00e5det n\u00e4rmast talspolens inf\u00e4stning i konen (eller domen). Ett fenomen som kan orsaka en del problem.<\/li>\n\n\n\n<li><strong><a href=\"https:\/\/drkrupp.se\/hifi\/den-fardiga-ladan\/transientsvar\/\" data-type=\"page\" data-id=\"313\">Transientsvar<\/a><\/strong><br>En kort tonst\u00f6t l\u00e4ggs p\u00e5 en bash\u00f6gtalare. Naturligtvis \u00f6nskar man att samma sak ska komma ut som ljud. Alla h\u00f6gtalare kommer tyv\u00e4rr att f\u00f6rvr\u00e4nga signalen mer eller mindre.<\/li>\n\n\n\n<li><strong><a href=\"https:\/\/drkrupp.se\/hifi\/den-fardiga-ladan\/distorsion\/\" data-type=\"page\" data-id=\"315\">Distorsion<\/a><\/strong><br>Med distorsion menas f\u00f6r\u00e4ndring av originalsignalen, ju mer distorion desto mer f\u00f6rvr\u00e4ngt ljud.<\/li>\n\n\n\n<li><strong><a href=\"https:\/\/drkrupp.se\/hifi\/den-fardiga-ladan\/effekttalighet\/\" data-type=\"page\" data-id=\"317\">Effektt\u00e5lighet<\/a><\/strong><br>Vilken f\u00f6rst\u00e4rkareffekt t\u00e5l egentligen h\u00f6gtalarna? Och s\u00e4ger watt-talen allt? Har k\u00e4nslighet och konutslag n\u00e5got med detta att g\u00f6ra?<\/li>\n\n\n\n<li><strong><a href=\"https:\/\/drkrupp.se\/hifi\/den-fardiga-ladan\/hogtalarkabel\/\" data-type=\"page\" data-id=\"319\">H\u00f6gtalarkabeln &#8211; en l\u00e4nk i kedjan<\/a><\/strong><br>En viktig del i systemet.<\/li>\n<\/ul>\n<\/div>\n","protected":false},"excerpt":{"rendered":"<p>Dags att bed\u00f6ma l\u00e5dan?<\/p>\n","protected":false},"author":1,"featured_media":0,"parent":0,"menu_order":0,"comment_status":"closed","ping_status":"closed","template":"","meta":{"slim_seo":{"title":"Den f\u00e4rdiga l\u00e5dan - Hur Hifi - H&auml;r l&auml;r du dig att bygga dina egna h&ouml;gtalare, dina egna delningsfilter och l&aring;dkonstruktioner","description":"Dags att bed\u00f6ma l\u00e5dan?"},"footnotes":""},"class_list":["post-292","page","type-page","status-publish","hentry"],"_links":{"self":[{"href":"https:\/\/drkrupp.se\/hifi\/wp-json\/wp\/v2\/pages\/292","targetHints":{"allow":["GET"]}}],"collection":[{"href":"https:\/\/drkrupp.se\/hifi\/wp-json\/wp\/v2\/pages"}],"about":[{"href":"https:\/\/drkrupp.se\/hifi\/wp-json\/wp\/v2\/types\/page"}],"author":[{"embeddable":true,"href":"https:\/\/drkrupp.se\/hifi\/wp-json\/wp\/v2\/users\/1"}],"replies":[{"embeddable":true,"href":"https:\/\/drkrupp.se\/hifi\/wp-json\/wp\/v2\/comments?post=292"}],"version-history":[{"count":5,"href":"https:\/\/drkrupp.se\/hifi\/wp-json\/wp\/v2\/pages\/292\/revisions"}],"predecessor-version":[{"id":426,"href":"https:\/\/drkrupp.se\/hifi\/wp-json\/wp\/v2\/pages\/292\/revisions\/426"}],"wp:attachment":[{"href":"https:\/\/drkrupp.se\/hifi\/wp-json\/wp\/v2\/media?parent=292"}],"curies":[{"name":"wp","href":"https:\/\/api.w.org\/{rel}","templated":true}]}}

Den färdiga lådan

<div class="wp-block-group is-style-default is-nowrap is-layout-flex wp-container-core-group-is-layout-3a88641f wp-block-group-is-layout-flex">
<figure class="wp-block-image size-full is-resized"><img loading="lazy" decoding="async" width="87" height="285" src="https://drkrupp.se/hifi/wp-content/uploads/2025/08/klarbox_bild.jpg" alt="" class="wp-image-36" style="width:94px;height:auto"/></figure>



<p class="wp-block-paragraph">Dags att bedöma lådan?</p>
</div>



<div class="wp-block-group is-style-section-1 has-medium-font-size has-global-padding is-layout-constrained wp-block-group-is-layout-constrained is-style-section-1--1">
<ul class="wp-block-list is-style-default">
<li><strong><a href="https://drkrupp.se/hifi/den-fardiga-ladan/det-later-inte-bra/" data-type="page" data-id="302">Det låter inte bra?</a></strong><br>Ibland kanske det inte blir som man tänkt sig. Vad har man då gjort för fel?</li>



<li><strong><a href="https://drkrupp.se/hifi/den-fardiga-ladan/fasgang/" data-type="page" data-id="305">Fasgång</a></strong><br>Med fasgång menas högtalarens förmåga att skicka ut alla toner i lyssningsrummet samtidigt. En bra fasgång ger ett mer tredimensionellt ljud.</li>



<li><strong><a href="https://drkrupp.se/hifi/den-fardiga-ladan/off-axis/" data-type="page" data-id="307">Off axis</a></strong><br>Beskriver hur bred strålningsverkan elementet har.</li>



<li><strong><a href="https://drkrupp.se/hifi/den-fardiga-ladan/spridning/" data-type="page" data-id="309">Spridning</a></strong><br>En högtalare som strålar ut sitt ljud åt alla håll ger en stor och pampig ljudbild på grund av alla väggreflexer, men det är svårt att lokalisera de enskilda instrumenten.</li>



<li><strong><a href="https://drkrupp.se/hifi/den-fardiga-ladan/fordrojning/" data-type="page" data-id="311">Fördröjning</a></strong><br>Högre frekvenser tenderar att bara komma från området närmast talspolens infästning i konen (eller domen). Ett fenomen som kan orsaka en del problem.</li>



<li><strong><a href="https://drkrupp.se/hifi/den-fardiga-ladan/transientsvar/" data-type="page" data-id="313">Transientsvar</a></strong><br>En kort tonstöt läggs på en bashögtalare. Naturligtvis önskar man att samma sak ska komma ut som ljud. Alla högtalare kommer tyvärr att förvränga signalen mer eller mindre.</li>



<li><strong><a href="https://drkrupp.se/hifi/den-fardiga-ladan/distorsion/" data-type="page" data-id="315">Distorsion</a></strong><br>Med distorsion menas förändring av originalsignalen, ju mer distorion desto mer förvrängt ljud.</li>



<li><strong><a href="https://drkrupp.se/hifi/den-fardiga-ladan/effekttalighet/" data-type="page" data-id="317">Effekttålighet</a></strong><br>Vilken förstärkareffekt tål egentligen högtalarna? Och säger watt-talen allt? Har känslighet och konutslag något med detta att göra?</li>



<li><strong><a href="https://drkrupp.se/hifi/den-fardiga-ladan/hogtalarkabel/" data-type="page" data-id="319">Högtalarkabeln &#8211; en länk i kedjan</a></strong><br>En viktig del i systemet.</li>
</ul>
</div>

<p>Dags att bedöma lådan?</p>

Den färdiga lådan - Hur Hifi - H&auml;r l&auml;r du dig att bygga dina egna h&ouml;gtalare, dina egna delningsfilter och l&aring;dkonstruktioner

Dags att bedöma lådan?
